 - 2)) + -1 + -4.
-6
What is (24 - 43) + -12 + 22?
-9
What is the value of 26 - (-5 + 4 + 0 + -1 + 10)?
18
-9 - (11 - (19 + (-22 + 6 - -5)))
-12
What is 13 + (1 - 11 - 7) + -19?
-23
10 + -1 + -16 + (-13 - -2)
-18
Calculate (39 - 16 - 53) + 10.
-20
What is the value of 11 + -8 + -18 - (-10 - -24)?
-29
Calculate (6 + 0 - (9 + 5)) + 6.
-2
What is the value of -7 + (-3 - (1 - 5 - -5))?
-11
Calculate -3 + (17 - (-31 - -23)).
22
What is (3 - (20 - 4 - 2)) + -7?
-18
Calculate -19 - (-18 - -13) - -13.
-1
Calculate 4 - 16 - (24 - 31).
-5
What is the value of (-1 + 7 - 26) + 14?
-6
What is 3 + -19 - ((-29 - -23) + 14 + -6)?
-18
What is 0 + -14 + -1 + 2?
-13
(-28 - -4) + -12 + 13 + (-16 - -9)
-30
What is the value of 6 - (2 - (-15 - -14) - (6 + -1))?
8
What is -6 + (-14 - -2) + 22?
4
What is 29 + (-18 - 4 - 11)?
-4
Calculate 0 + 0 - (88 + -114).
26
What is the value of -3 + (-12 - -6 - -1)?
-8
Calculate -5 + -2 + (1 - -2) + (38 - 24).
10
What is (1 - (-6 - 1 - -1)) + -7?
0
-9 - (-17 - -5) - 3 - (-31 + 1)
30
What is (11 + -8 - 5) + 8 - 5 - -17?
18
What is (-1 - 0) + (-8 - (-5 + -7)) + -8?
-5
What is 5 - (2 + -13 + -19)?
35
What is the value of -8 + (-29 - -17) - (3 + -1 + 0)?
-22
Evaluate (18 + -10 - 37) + 50.
21
2 - -14 - (-46 - -56)
6
What is the value of (-5 - -6 - -5) + -5?
1
What is the value of (5 - 28) + 28 + -15?
-10
Calculate (-5 - (-7 - -7)) + -8 + 8.
-5
Calculate (12 - (-14 - -10)) + (-19 - -10).
7
-4 - (4 - (5 - 3 - -1))
-5
Calculate -4 - 0 - (1 - 2).
-3
What is the value of 14 + (26 - 20) + -25?
-5
0 - ((-1 - (-10 + 14)) + 11)
-6
What is 15 - ((4 - -20) + -8)?
-1
-14 + 4 + 0 + 5 + 3 - 5
-7
Calculate (0 - (-10 - -2) - 2) + 1 - 4.
3
Evaluate 9 + 1 + 4 + (2 - -2 - -3).
21
What is 8 + 17 + -6 + -4 + -36?
-21
Evaluate 2 + -3 + -25 + 11 - -3 - 7.
-19
-1 + 0 + 7 + -8 + 10 + -5
3
What is (-7 + 24 - 10) + -14 + -5?
-12
-1 + (1 - (11 + -15 + 6))
-2
Evaluate 31 - (-11 - (-12 + 1 - 11)).
20
Evaluate -13 + (21 - 7) - -15.
16
What is -12 - (5 + -3 - 5) - -15?
6
-9 + (-6 - (-1 - (4 - -4)))
-6
What is the value of -17 + 1 + (10 - -1 - 18) + 14?
-9
What is the value of (-2 - 3) + (-8 + -7 - -25) - -26?
31
What is the value of (-14 - (-8 - 3)) + (3 - -7)?
7
Calculate 21 + -12 + -38 - (-1 + -3).
-25
What is the value of (14 - -11 - 14) + 6?
17
Calculate -7 - ((5 - 5) + 0 + -18).
11
Calculate (28 - 19) + 29 - 11 - 13.
14
Calculate 2 + -3 + 0 + -25 + 36 + -2.
8
-20 + 1 + (-13 - (13 - 42)) + -13
-16
What is 3 + -16 + -45 + 71?
13
What is the value of -18 + (1 - -10) + (-33 - -28)?
-12
What is the value of -9 + (6 - (5 + -11 + 31 + -30))?
2
What is the value of -981 + 959 - (-23 + 2)?
-1
Calculate -8 + (0 - 1) + -510 + 511.
-8
Calculate -496 + 494 - (4 + -2 - 2).
-2
Calculate -7 + (3 - ((-4 - 8) + 7 + 8)).
-7
-3 - (0 + 4 + 2 + (-4 - 6))
1
Evaluate -13 + 6 - -23 - (50 + 1).
-35
Evaluate 1 - (4 - 3) - (-4 - -8).
-4
What is (-3 - (1 + -1)) + (10 - 12) + -3?
-8
What is the value of -5 - -9 - 0 - 10?
-6
Calculate (7 - 5) + 4 - (10 + -11 + -27).
34
Evaluate 7 - (2 + -6 + 3) - 5.
3
4 - (10 - 5) - (-45 - -40) - -6
10
Evaluate 5 + 0 + 33 + (26 - 60).
4
What is -4 + -7 + 2 - (13 + 0 - 13)?
-9
What is -945 + 956 - (-1 - 5)?
17
10 + (-1 - 2) - (68 - 64)
3
(-339 - -324) + (22 - 1)
6
Evaluate 30 + -43 + 21 + (-2 - -2).
8
Calculate -3 - (-17 + (8 + 19 - 9) + -8).
4
Evaluate 0 - -12 - (67 + (32 - 108)).
21
What is the value of -4 - (1 - 8 - (15 + -29))?
-11
Evaluate -24 + (4 - (24 - 38)).
-6
Calculate 14 - (23 + (6 - 0 - 5)).
-10
What is (60 - 10) + -60 - (-2 + 1 + 9)?
-18
What is 4 - (12 - 28 - 18)?
38
Evaluate (-4 - ((4 - 13) + -2)) + (0 - 2).
5
What is the value of 7 + (3 - 0 - (6 + 2))?
2
Calculate -6 + 0 + 4 - 0.
-2
Evaluate 18 + -3 - 19 - (4 - 8).
0
What is the value of (1 - 8) + -22 + 24 + 8?
3
Calculate (13 - 11) + (14 - 1) + -29 + 23.
9
Calculate -7 - ((4 - -5) + 0 + -11).
-5
Calculate -7 - (7 - 8 - (0 + 2)).
-4
What is the value of (-38 - (-15 - 30)) + 12?
19
-6 + (24 - 12 - 16 - (-2 - 1))
-7
Evaluate (-8 - -9 - -10) + -15.
-4
(-12 - (1 - 5 - 3)) + -1 - -5
-1
What is (-18 - (-51 - -26)) + (1 - 0)?
8
What is (-2 - -1) + -1 + 73 + 110 + -186?
-5
Evaluate (-26 - (19 + -41)) + 8.
4
Evaluate (13 - (16 - 37)) + -4.
30
What is the value of (5 - (0 - -2)) + (-16 - -21 - 19)?
-11
10 + 2 + (-46 - -19) + 0
-15
Evaluate -5 + (-1 - (-17 - -8)).
3
Calculate 17 + -3 + -56 + 23.
-19
What is the value of (-16 - -19) + 15 + -29?
-11
0 - 1 - (487 - 507 - (-1 + -44))
-26
-20 - (11 + (17 - 19) + 2)
-31
-4 + 6 + 6 - (-14 + 12 + -8)
18
What is the value of -5 - ((-1 - -5) + -8 + -2 - 17)?
18
Calculate (-29 - -24) + -12 - -21.
4
-6 - (8 + (-1 - -9 - (56 - 52)))
-18
Calculate -11 - 0 - (-16 + 7 + 11).
-13
Evaluate -15 - -6 - -6 - (-148 - -134).
11
What is (9 - 2 - 1) + -18?
-12
Evaluate 13 + (-35 - -9 - (9 + -18)).
-4
(-10 - -2) + (-8 - ((-14 - -10) + -9))
-3
-4 + -9 + 9 + 7 - (-1 + 2)
2
Evaluate 10 + -2 - (-42 - (13 - 25)) - 7.
31
What is the value of -9 + (-7 + 1 - -8) + 0 + 5?
-2
What is the value of 4 + (5 - (17 - -5)) - (-36 + 28)?
-5
What is -2 - (-32 + 28) - (0 - 2)?
4
What is the value of 3 - (-10 + 6 - 4) - (-1 + 2)?
10
-6 - ((-2 - -1) + 1 + (17 - 11))
-12
What is 0 - ((-12 - -8) + 1) - (2 + 1)?
0
What is the value of -18 - (2 + -17) - (-3 + 2 + -1)?
-1
What is the value of (-3 - 6) + 13 - -13?
17
What is the value of (6 + -4 + 7 - 3) + 0 - -5?
11
Calculate -19 - 2 - (6 - (10 - 8)).
-25
(9 - -1 - (2 + -1)) + -7
2
Calculate 0 - (-5 + 12 + 21 - 14).
-14
(-8 - -4) + (8 - 11) + 35
28
Evaluate -3 + 6 - (-7 + (-7 - -26)).
-9
4 + (-2 - (10 + (-10 - -4) - 10))
8
Calculate -42 + 26 - (0 + (-12 - -7)).
-11
Calculate 3 + -13 + 3 - (-14 - (-2 + -6)).
-1
What is the value of -9 - (-1 + 1 + -8 + -3)?
2
Calculate -12 + 13 + 12 - 0 - -6.
19
What is the value of -2 + 23 + -11 + (-9 - -4)?
5
What is 8 - (10 + 10) - -23?
11
What is the value of (11 - (9 + 0)) + 7?
9
Calculate -8 - (-4 + (4 - -2)) - (2 - 3).
-9
Evaluate -6 - 2 - (7 - (20 + (12 - 20))).
-3
What is (-6 - 0) + (16 - 10) - 16 - -6?
-10
What is the value of -5 + (-4 + (-8 - -1 - -11) - -20)?
15
What is the value of 0 + -2 + 16 + -10?
4
What is 18 + (9 - (-7 + 18))?
16
What is the value of (-39 - -18 - -10) + (2 - -6)?
-3
5 - (6 + -5) - (6 + -3 + 3)
-2
-6 + -16 + 8 + (17 - -4)
7
What is (0 - 7) + (10 - -16) + -12?
7
Evaluate (-8 - (-8 + -2)) + 1 + 8 + 9.
20
Evaluate -6 + 44 + -15 + 3 + -1.
25
What is the value of (14 - -9) + 4 + (-1 - (7 - -1))?
18
What is the value of -28 - ((-16 - -44) + -16 + -13)?
-27
What is -4 - (13 + -2 + (-17 - -11))?
-9
What is 11 - ((-4 - 1) + (-17 - -27))?
6
Evaluate 2 - ((0 - -6) + -3 - 2).
1
Calculate 9 - (5 + 1 + -14 - -15).
2
Evaluate 9 - (20 - (3 + -15)).
-23
What is the value of -5 + (-5 - -8 - (-1 - (2 + -5)))?
-4
-44 - (20 - 31 - (10 - 4))
-27
Evaluate 19 - (8 - (-7 + -16)).
-12
(17 - 7) + -7 + 8 + -14
-3
What is 41 + 35 + -76 - -12?
12
Calculate (5 - (-22 - -31)) + 0 + (-1 - -3).
-2
-24 + 35 + (16 - 34)
-7
What is the value of 7 + (-4 - (-6 + -8 + 6))?
11
What is the value of 2 + (1 - -5 - (9 - 5)) + -17?
-13
What is 1 + -6 + (-7 - -50 - 28)?
10
What is the value of 48 + (-19 - 18) + -13?
-2
Evaluate 2 - (-11 + (-3 - (-4 + -7))).
5
-378 - -410 - (0 + 23)
9
What is 946 - 910 - (20 + 1)?
15
Calculate -2 + (-4 + 10 - (20 + 0)) + 5.
-11
Calculate (-7 - (-4 - -10)) + 12 - -10.
9
Calculate 1 - ((-11 + 21 - 6) + -4).
1
What is the value of (-19 - 4) + (3 - -9) + -5?
-16
What is the value of 7 + -10 - 0 - -3?
0
Calculate (9 + -4 - 11 - (-3 + -1)) + -2.
-4
Calculate -14 - (-4 + -5 - (7 + 3 - 16)).
-11
What is the value of (-4 - -25) + (-7 + 1 + -4 - -8)?
19
What is -17 + (37 - 25) - (3 - 6)?
-2
23 + (12 - 25) + 8 - 2
16
What is 2 + -6 + 5 - -6 - 20?
-13
What is 13 - (-28 + 9 + 15)?
17
7 + (-3 - (-1 - 6 - -3 - -3))
5
What is -11 - (-5 + (23 - 13) + -29)?
13
What is 21 - -18 - 20 - (7 + -2)?
14
Calculate 0 + -6 + 45 + -27 + (-10 - -24).
26
-8 - -3 - (-42 - -23)
14
What is 1 - 5 - (2 + 7 - 12 - -5)?
-6
-447 + 428 + 3 + 0 + 1 + -2
-17
Evaluate 20 - (-10 + 9 - -10).
11
What is the value of -8 - (1 - ((26 - (-6 - -14)) + -9))?
0
Calculate -3 - (2 - (-19 - -11)).
-13
What is the value of 2 - -10 - 0 - (-54 - -54)?
12
Evaluate -11 + 17 + (2 - 13).
-5
Calculate 7 - ((-4 - (-4 - 5)) + (-6 - -5)).
3
Calculate 4 + 2 - ((13 -